82?
False
Is 14 a factor of 255752224?
True
Is 15 a factor of 326862945?
True
Does 9 divide 916922597?
False
Does 213 divide 24792561?
True
Is 157312874 a multiple of 28?
False
Does 42 divide 107785164?
False
Is 12 a factor of 4292009664?
True
Does 497 divide 8256955?
False
Is 2020693702 a multiple of 4283?
True
Does 6265 divide 6299758220?
True
Does 27 divide 2042659303?
False
Is 801090549 a multiple of 7?
True
Is 43874297 a multiple of 7?
False
Is 271 a factor of 523503979?
True
Does 273 divide 131300420?
False
Is 2548669975 a multiple of 1159?
True
Is 2138 a factor of 2477548035?
False
Does 98 divide 2089440099?
False
Is 32 a factor of 305525728?
True
Does 134 divide 37038685?
False
Is 393 a factor of 314440?
False
Is 451879315 a multiple of 457?
True
Does 7 divide 18533372?
False
Is 24603537 a multiple of 23?
True
Is 92026740 a multiple of 635?
True
Does 4434 divide 221110622?
False
Is 72 a factor of 289592464?
False
Does 1044 divide 2540805529?
False
Does 236 divide 99992577?
False
Does 324 divide 13060116?
True
Is 818301057 a multiple of 1753?
False
Is 8 a factor of 5196720?
True
Is 74633804 a multiple of 2166?
False
Is 289674530 a multiple of 5?
True
Does 11205 divide 874911216?
False
Is 2075155425 a multiple of 7?
True
Does 529 divide 143074398?
True
Does 9 divide 39092049?
True
Is 2 a factor of 8097366?
True
Does 499 divide 44334154?
True
Is 115075 a multiple of 4?
False
Is 43275718 a multiple of 61?
True
Does 347 divide 4136560418?
False
Is 94525474 a multiple of 85?
False
Is 13 a factor of 248415453?
True
Is 20717144 a multiple of 7?
True
Is 79264794 a multiple of 921?
False
Is 46638688 a multiple of 14?
False
Is 65 a factor of 207240?
False
Is 15383628 a multiple of 351?
True
Does 6 divide 3744246?
True
Is 504 a factor of 157868928?
True
Does 887 divide 285452075?
False
Is 706115322 a multiple of 11067?
False
Is 32288670 a multiple of 183?
False
Is 395741445 a multiple of 50?
False
Is 1050 a factor of 1168364478?
False
Is 24 a factor of 210709262?
False
Is 4787283544 a multiple of 1251?
False
Is 621 a factor of 23076360?
True
Is 4593256 a multiple of 8?
True
Does 217 divide 62812040?
False
Is 1309858416 a multiple of 24?
True
Is 90468340 a multiple of 5?
True
Is 23 a factor of 27905200?
False
Is 139537600 a multiple of 25?
True
Is 19152675 a multiple of 16?
False
Is 435503138 a multiple of 14?
True
Is 1911 a factor of 809327610?
True
Does 9 divide 41283360?
True
Does 54 divide 2525567310?
True
Is 877928277 a multiple of 2201?
True
Is 520088932 a multiple of 44?
True
Is 4 a factor of 945499?
False
Is 35 a factor of 99420636?
False
Does 17 divide 49429625?
True
Does 8 divide 3772968?
True
Is 8 a factor of 1307146781?
False
Is 46 a factor of 3195264?
False
Does 46 divide 360858638?
True
Is 1699 a factor of 762216753?
False
Is 682532915 a multiple of 95?
True
Is 534153400 a multiple of 14?
False
Does 12 divide 25698984?
True
Is 8 a factor of 49959248?
True
Is 1968 a factor of 38175264?
True
Does 1708 divide 63977873?
False
Is 65 a factor of 1308859417?
False
Is 728 a factor of 823588584?
True
Is 34 a factor of 25696132?
False
Is 10 a factor of 68664280?
True
Does 9 divide 1763038863?
True
Is 198345226 a multiple of 1052?
False
Does 1064 divide 53134909?
False
Does 12 divide 174784112?
False
Is 5183 a factor of 9106339229?
True
Does 2110 divide 2979617?
False
Is 17060480 a multiple of 488?
True
Is 16832819 a multiple of 113?
True
Is 452 a factor of 60023792?
True
Does 1669 divide 2813155668?
False
Is 17917527 a multiple of 271?
False
Does 48 divide 162556460?
False
Is 80756937 a multiple of 66?
False
Is 112 a factor of 13135834?
False
Does 4400 divide 325780400?
True
Does 61 divide 23184514?
True
Is 7261 a factor of 1043883314?
False
Does 159 divide 411871920?
False
Is 91092466 a multiple of 1679?
True
Is 1740 a factor of 258363900?
True
Is 1366 a factor of 9913062?
True
Is 23644920 a multiple of 1495?
True
Is 5595603036 a multiple of 352?
False
Is 13882732 a multiple of 50?
False
Is 460267727 a multiple of 2276?
False
Does 85 divide 37631905?
False
Is 37961420 a multiple of 35?
True
Does 64 divide 14821056?
True
Is 24 a factor of 313409886?
False
Is 207880296 a multiple of 2418?
True
Does 9 divide 154548?
True
Is 1410 a factor of 475929735?
False
Is 1446603984 a multiple of 622?
False
Does 17 divide 27917808?
True
Does 732 divide 30005537?
False
Is 877152339 a multiple of 2?
False
Does 72 divide 838512?
True
Is 2088444 a multiple of 271?
False
Does 437 divide 138571389?
True
Does 314 divide 13990898?
True
Is 66 a factor of 2945012862?
True
Is 338 a factor of 111009949?
False
Does 32 divide 403356900?
False
Does 917 divide 405557673?
False
Is 107 a factor of 77311673?
True
Is 129 a factor of 1360474026?
False
Is 298970892 a multiple of 594?
True
Is 103173838 a multiple of 19?
True
Is 33001223 a multiple of 371?
False
Is 2004886196 a multiple of 51?
False
Is 168 a factor of 6005910960?
True
Is 4310793 a multiple of 9?
True
Does 9 divide 33615036?
True
Is 6 a factor of 43105034?
False
Does 741 divide 935075310?
True
Is 1615 a factor of 47260005?
False
Is 17505762 a multiple of 6?
True
Is 152355470 a multiple of 175?
False
Is 37911574 a multiple of 1721?
False
Does 271 divide 1494020832?
True
Is 16861957 a multiple of 58?
False
Is 36 a factor of 29166444?
True
Is 162012168 a multiple of 11?
False
Is 1471 a factor of 140383772?
False
Is 196 a factor of 49983503?
False
Does 73 divide 142984880?
False
Is 60 a factor of 3972561420?
True
Does 31 divide 76576285?
False
Is 183014252 a multiple of 16?
False
Is 63179487 a multiple of 115?
False
Is 49569031 a multiple of 31?
True
Is 155 a factor of 23983770?
True
Is 250 a factor of 93846750?
True
Is 47443970 a multiple of 427?
True
Is 72258142 a multiple of 650?
False
Is 14425457 a multiple of 167?
False
Is 5837 a factor of 2985765588?
True
Is 61 a factor of 555817665?
True
Is 30550256 a multiple of 22?
True
Is 645 a factor of 72211427?
False
Does 54 divide 100397826?
True
Is 43259835 a multiple of 92?
False
Is 48 a factor of 33573556?
False
Does 2835 divide 79830765?
True
Does 373 divide 184693188?
True
Is 2437424 a multiple of 242?
True
Is 1111508838 a multiple of 125?
False
Is 1716915992 a multiple of 13?
False
Is 215295319 a multiple of 629?
False
Does 2 divide 35672560?
True
Does 762 divide 12340920?
False
Does 192 divide 92248320?
True
Is 170 a factor of 46804028?
False
Does 8129 divide 5421029739?
False
Is 151668818 a multiple of 103?
False
Is 287 a factor of 6689970?
True
Does 3099 divide 758007246?
False
Is 346 a factor of 8864866?
True
Is 6 a factor of 15417580?
False
Is 96 a factor of 129087552?
True
Is 2 a factor of 1211113784?
True
Is 47881568 a multiple of 236?
True
Is 24 a factor of 370523374?
False
Is 15 a factor of 386765460?
True
Is 69516972 a multiple of 252?
True
Is 7912056 a multiple of 3?
True
Is 647178450 a multiple of 150?
True
Is 14250 a factor of 2877018000?
True
Does 29 divide 2155994763?
True
Is 188 a factor of 306088816?
True
Is 26251639 a multiple of 5?
False
Is 337153602 a multiple of 8?
False
Is 33 a factor of 55115742?
True
Does 405 divide 161703735?
False
Is 7 a factor of 448343448?
True
Is 4 a factor of 551847393?
False
Is 5 a factor of 48581185?
True
Is 18902069 a multiple of 43?
True
Is 662 a factor of 3022030?
True
Is 496 a factor of 284071052?
False
Is 7052216 a multiple of 178?
False
Is 1004 a factor of 31439786?
False
Does 3142 divide 187501992?
True
Is 338551092 a multiple of 36?
True
Is 3640 a factor of 763859346?
False
Is 80 a factor of 597690640?
True
Is 65 a factor of 237249945?
False
Is 110 a factor of 68118142?
False
Does 1371 divide 614851793?
False
Is 212 a factor of 142920573?
False
Is 291173311 a multiple of 11?
True
Is 5053240 a multiple of 122?
True
Does 160 divide 437356160?
True
Is 55120633 a multiple of 15?
False
Is 43251000 a multiple of 375?
True
Is 48358375 a multiple of 16?
False
Does 2905 divide 173721905?
True
Is 61 a factor of 922899921?
False
Is 2167 a factor of 24317739?
False
Does 399 divide 901119555?
True
Is 109061200 a multiple of 4?
True
Is 160 a factor of 1789489703?
False
Does 1311 divide 109380663?
True
Does 108 divide 59748680?
False
Is 1156251103 a multiple of 242?
False
Is 793 a factor of 46704528?
True
Is 224707166 a 